s the value of 12 + -13 + (8 - 7)?
0
What is the value of (4 - -10) + -11 + 3 + 4?
10
Calculate -2 + (-14 + 30 + -6 - -14).
22
Calculate 10 + 4 + 32 + -17 + 11.
40
Evaluate -1 + 7 + (308 - 294).
20
What is the value of -2 + -3 + (-137 - -157)?
15
Calculate (-2172 - -2137) + (0 - -36).
1
(10 - -6) + -92 + 45
-31
Evaluate (3 - -7 - 4) + -7.
-1
Evaluate -31 - (2 - -8 - 46).
5
What is the value of -1 - -14 - 15 - 20 - -4?
-18
Evaluate 3 - (6 - (-24 - (1 + -15))).
-13
Calculate 14 - (-34 - (13 - 82)).
-21
Evaluate 10 + 0 + -8 - -8 - (2 + 1).
7
What is the value of -26 - (2 - 8 - -9 - (8 - -1))?
-20
What is 0 + 6 - (590 + -552)?
-32
Evaluate -7 + 0 + -5 + 8 - -6.
2
What is -13 - -1 - (26 - (49 - (-16 - -43)))?
-16
What is 14 + -3 + -6 - (0 - 7)?
12
-1 - (5 - (6 + (-6 - 9)))
-15
Calculate -8 + 31 + -14 + 2.
11
-2 + (10 - (3 - -4)) + 3
4
Evaluate -1 + -2 + 3 + (1 - -1).
2
What is 13 + -28 + 2 + 2 - -1?
-10
-349 + 377 - (-5 + 3 - -8)
22
Calculate -18 + 6 + -11 + (4 - 12).
-31
What is the value of -13 + (-14 - -42 - 12)?
3
What is the value of 1 + (1 - 1 - (11 + -10))?
0
Calculate (6 - (18 + -4)) + (20 - (-6 - -3)).
15
Evaluate 4 - (7 + -9 + -6 - -2).
10
Evaluate 1 + 13 + (-14 - -9) + 2 + 2.
13
-9 + 4 + 13 - 12 - -20
16
What is -5 + (5 - -1) + 0 + 2 - -12?
15
What is 1 + 6 + (140 - 156)?
-9
Evaluate 0 - (0 + -1) - (8 + 18 - 17).
-8
(-2 - -2) + -3 - (52 + 32 - 74)
-13
-23 + 3 - (-212 + 213)
-21
What is 8 + 1 - 10 - -13?
12
Calculate 12 + (-20 - (-3 + 7 + -19)).
7
What is the value of 6 + (-32 - (-8 - 7))?
-11
What is 1 - (-8 - (-1 + -8)) - (3 + -2)?
-1
21 - 21 - -1 - (0 - -3) - -9
7
What is the value of 25 + -2 - 6 - 8 - -2?
11
What is (0 - 1) + -8 - (500 + -515)?
6
-30 + -1 + 13 - -9 - 5
-14
What is the value of -5 - -24 - 17 - (-5 - 0)?
7
What is -64 + 48 + 1 + 26?
11
Evaluate -160 + 156 - (1 - 4).
-1
What is the value of 0 - ((2 - (-15 - -9)) + (-2 - -1))?
-7
Evaluate 6 - 1 - ((0 - -1) + (44 - 50)).
10
(3 - 0) + -12 + 4 + 2 + 5
2
What is the value of -17 + 27 + 29 - 17?
22
What is -27 + 14 - (2 + -5 + (5 - -6))?
-21
What is -7 + (8 - 5) - (7 - 17)?
6
Evaluate (-1 - (-3 - 4 - -1)) + (-3 - -9).
11
1 + -8 + (-13 - -28)
8
-116 + 124 + (2 - (-2 - -16 - 0))
-4
What is the value of -1 + 18 - (-10 - -17)?
10
What is -6 - (10 - (11 + 6 + -3 + -6))?
-8
Calculate -14 - (14 + -19 - 5).
-4
What is -13 - 13 - (-57 - -54)?
-23
What is 0 + (1 - 0) - 1 - (1055 + -1081)?
26
Calculate 0 + -6 + (1 + -1 - 6 - -24).
12
What is the value of 3 + -1 + 6 + -6 + -7 + 22?
17
4 - (-2 - (5 - 2 - (1 - 1)))
9
Evaluate (-1 - -6) + (-42 - -35 - (-34 + 9)).
23
-1 + -4 - (-2 + -3) - -10
10
-10 + 0 + 13 + -27 - (-1 - -12)
-35
What is 17 - (10 - 29) - (2 + 8)?
26
0 - 2 - 0 - 6
-8
Evaluate 517 + -526 - ((-2 - -9) + 2).
-18
What is the value of (-6 - (7 - -5)) + (-116 - -106)?
-28
Evaluate -16 - (2 - 3) - (51 - 67).
1
-18 + 2 + (50 - 56)
-22
What is the value of -3 - -6 - (6 - 1) - (57 - 53)?
-6
What is -19 + 1 + (-305 - -323) + -9?
-9
Calculate (-14 - -1) + -31 + (16 - -25).
-3
Calculate 2 - (10 + -3 + -10 + 13).
-8
What is (-7 - 2) + (104 - 89) + (0 - 1)?
5
What is -1 - (65 + -77 + (4 - 1))?
8
What is the value of (-3 - (-1 + 6)) + 8?
0
Evaluate (-4 - 1) + (-11 - 0) + -35 + 67.
16
Calculate (-1 - 0) + -2 + 8 + -2 + 6.
9
What is (-3 - 0) + 9 - (81 + -89)?
14
Calculate -3 - (-22 + 2) - -7.
24
Calculate (-12 - -1) + (63 - 55) - (-12 + -1).
10
What is -10 - ((3 - 10) + 6 + 12)?
-21
What is -5 + 4 + -1 + 7 + -5?
0
What is -17 + 40 - 47 - -8?
-16
What is -16 + 0 + 30 + 4?
18
What is 5 - (2 + -3) - (500 - 501)?
7
Calculate 13 - (-4 - -1 - -4).
12
1 + 9 - ((-9 - -5) + -3 + 5)
12
What is the value of (12 - 0 - (7 + -13) - 3) + -7?
8
What is the value of 15 + (12 - 32) + (-2 - 4)?
-11
Evaluate (-23 - (-3 + -3)) + 14.
-3
What is the value of 16 + (6 - 9) - (3 - (0 - -4))?
14
Calculate -113 + 102 - (8 + 1).
-20
Calculate (-18 - -13) + -13 + -3 + 4 + 4.
-13
What is -22 - ((-18 - 6) + -14)?
16
Evaluate 3 - (13 - 2 - 1) - (77 + -82).
-2
Calculate -2 - (-5 + -6 + 2).
7
What is 14 + 35 + -33 + 14?
30
What is 36 + -80 + (29 - -16)?
1
What is the value of -1 + -9 + 22 + -17?
-5
Calculate -10 - -2 - (-6 + -3 - 10).
11
-17 + 2 + -3 - (-71 + 63)
-10
What is -6 - (5 + -16) - (9 - (11 - 10))?
-3
Evaluate 8 - -2 - 2 - 7 - -10.
11
2 - (11 + -5 + -3 - 15)
14
19 + (66 + -64 - (-1 + -2)) - 6
18
Calculate 21 + (-3 - ((-1 - -8 - 3) + -3)).
17
Calculate -18 + 0 + -5 - -15.
-8
What is -1 + 5 - (-87 + 94)?
-3
What is 482 - 484 - (0 + -26)?
24
Evaluate -10 + 0 - (-4 - (-53 + 37)).
-22
Calculate 21 - (-2 - -14 - -30).
-21
What is 11 - 1 - (1607 + -1583)?
-14
Evaluate 8 - (12 + -2 + -5).
3
Evaluate 12 + 12 - (-9 + 18).
15
Calculate -45 + (1 - 29) + 102.
29
Evaluate (25 - 1) + (1070 - 1078).
16
What is the value of 0 + (-17 + 11 - -17)?
11
Evaluate 15 + -28 + (-37 - -42).
-8
Evaluate (-1 - -4) + 2 + (-18 - (1 - 12)).
-2
What is the value of 7 + 14 + -9 - -13?
25
56 + -33 - (14 + 1)
8
What is the value of (8 - 11) + -4 + (1 - -2 - 8)?
-12
What is the value of (0 - (-7 - (5 + -7))) + -8?
-3
What is the value of 12 - ((16 - 5) + 7)?
-6
Calculate -11 + -5 - (-1 + 0 + 1 + -1).
-15
22 + -11 + 4 - (20 + 0 + -8)
3
What is 13 - 58 - (17 - (15 - -11))?
-36
What is -1 + -2 - (-25 + -10 + 40)?
-8
What is -2 - -1 - -6 - (-307 + 321)?
-9
What is the value of (-42 - -22 - -13) + 22?
15
Calculate -10 + 17 + -7 - (-3 + (-2 - -2)).
3
What is the value of -19 - (24 + -41) - (10 - 0)?
-12
Evaluate 0 + (-11 - -8) + (1 - -4).
2
Evaluate 19 + (-6 - -5 - 2) - (3 + 3).
10
Evaluate 14 - (-6 + 5 - (-7 + 0 + 5)).
13
What is the value of ((7 - 7) + 0 - -2) + -2 + 13?
13
Calculate (9 - (-7 + 11)) + 0.
5
Evaluate (7 + 1 - (-43 - -46)) + 6.
11
Calculate -37 - (-5 - -3 - (-11 + -5 + 12)).
-39
Evaluate 11 - (0 + -4 - (6 - 15)).
6
(-1 - -6) + (-913 - -926)
18
What is 0 + (-12 - -7 - (9 + (4 - 19)))?
1
Evaluate -4 - -8 - 5 - (-10 + 16) - 4.
-11
-5 + 1 + 106 + -97
5
What is the value of 2 + 42 + -38 - (-1 + 11)?
-4
Evaluate 35 - (-5 + 15 + -21 - -24).
22
What is 46 + 1 - (-193 + 230)?
10
What is the value of (-13 - (27 + -28)) + -1 + 2 + 0?
-11
Evaluate -16 - (0 - (3 + 6)).
-7
What is -10 - ((1 - (-6 + 13)) + 7 - 3)?
-8
What is (-1 - 16) + 13 + 13 + (0 - 0)?
9
97 + -92 - (-1 + (0 - 14) + 3)
17
Evaluate -6 - (-13 + (1 - -12)).
-6
Calculate -1 + (22 - 4) + (-15 - (-9 - 0)).
11
What is -8 + 3 + 8 + 8 + -13 + -5?
-7
-18 + 23 + (-6 - 5)
-6
What is the value of 0 + 2 - (-35 - -10 - -35)?
-8
What is the value of -1 - (4 + 0 + 7 + -2)?
-10
-72 + 25 + -17 + 31
-33
(-55 - -55) + (40 - (3 - 1 - 1))
39
5 + -2 + -26 + -1
-24
What is -25 + (-2 - -7) + 15?
-5
What is (-3 - 4) + (-10 - (-9 - (-4 - -2)))?
-10
Evaluate -134 + 130 + -10 + 2.
-12
What is the value of 7 - (-4 + (-1 + 10 - (39 - 39)))?
2
-27 - (-31 - -16 - -5) - (1 + -1)
-17
What is the value of (-1 - -1) + (-548 - -532)?
-16
What is the value of 6 - 2 - 3 - (-10 + (-5 - -3))?
13
((-6 - -10) + -11 - -12) + -21 + 0
-16
Evaluate 30 - 19 - (-7 + (1 - 2)).
19
What is 450 + -465 + (-4 - -2 - (-2 + 2))?
-17
Calculate 5 - -2 - (-1 - ((-5 - -2) + 4)).
9
Evaluate 21 + (1 + 2 + 4 - 7).
21
What is the value of 48 + -78 - (-5 - (-1 - -2))?
-24
Evaluate (-8 + 22 - -6) + -33.
-13
What is the value of 2 - (0 + -10) - (-32 - -66)?
-22
Evaluate (-18 - -3) + 5 - (-14 + -4 + 3).
5
What is -63 - -58 - (-10 + 2 - -2)?
1
Calculate -20 + 14 + (15 - (-1 - 1)) - 1.
10
What is the value of (-20 - -13 - -2) + 10?
5
What is the value of 14 + (0 - (-7 - -22))?
-1
Evaluate 27 + (3 - (-6 + 12)) + -9.
15
What is -19 - -5 - (-14 - 4)?
4
What is 2 + 1 + -17 + (-45 - -41)?
-18
What is (-54 + 12 - -48) + 13?
19
-6 - (-4 + 8 + (4 - 1))
-13
Evaluate 15 + -1 + (-42 - -30).
2
What is the value of 18 + 0 + (-7 - 0) - 2?
9
2 - ((-4 - -7) + -8)
7
What is 39 + (8 - 30) - 29?
-12
-14 - 0 - -2 - ((30 - 16) + -14)
-12
-8 + 1 + 5 + (62 - 70)
-10
-121 + 111 - (0 + -8)
-2
(-57 - -47) + (10 - (2 + 4 + -8))
2
Calculate (35 + (-16 - 8) - 9) + (-9 - 1).
-8
What is -13 + 26 - (-1 + 4 - (11 - 8))?
13
Calculate 11 + (10 - (-11 - -24)).
8
Calculate 57 - 63 - (-10 - (0 - 0)) - -12.
16
What is the value of (-43 - (7 - 29) - (1 + 2)) + 3?
-21
Evaluate -14 + 25 - (-22 + 23 + 19 + 0).
-9
Evaluate (4 - -2) + (13 + -11 - 13).
-5
What is 0 + (-8 - 1 - (-11 - -4) - -19)?
17
Wha